 (-182 - -184) + 6)?
35
Evaluate -10 - 0 - (-89 - 21 - -116).
-16
What is -97 - (-11 + -19 + -3 + 29 + -9)?
-84
-27 + 20 + 8 - (-3 + (0 - 0) - -49)
-45
Evaluate 56 - (-22 + (5 - -53)).
20
Evaluate -3 + 0 + -4 + 23 + (-18 - 8).
-10
Calculate (8 - (-17 - -3) - 15 - 3) + -8.
-4
What is (62 - -43) + -162 + 33?
-24
What is the value of -10 + (-3 - (2 - (12 - 10)) - 2)?
-15
What is the value of -32 + 103 - (21 - -42)?
8
Calculate 1518 - 1451 - (-1 + 48) - 47.
-27
What is -27 + -30 + (74 - 43) + 0 + 11?
-15
Calculate -9 - (-70 - (-35 + -1)) - -24.
49
Calculate (368 - 341) + (2 - -26) - 6.
49
What is (4 - (41 + -57)) + (12 - -1)?
33
What is the value of (6 - 6 - (23 + -21) - -15) + -1?
12
What is -1 + 140 - (22268 + -22042)?
-87
54 - (-10 - (-11 - -18))
71
What is -64 + -6 + (-106 - -171)?
-5
Calculate 46 - -6 - 3 - (-63 + 31 + 35).
46
Evaluate -3 + 32 + 2 + 0 + (-5 - -11) + -4.
33
What is the value of -76 + (4 - (1 - 3) - (-391 - -391))?
-70
What is the value of -7 - (24 + (1 - (-1 + 7))) - (-5 - 6)?
-15
Calculate 51 + -10 + (0 - (13 - 15)) + -17.
26
What is the value of 44 + 93 + -38 - 119?
-20
30 - (50 + 30 + -37)
-13
What is the value of -21 - (0 + -4 + (99 - 44 - 46))?
-26
What is the value of (-41 - -117) + -50 - ((10 - (-1 - 1)) + 0)?
14
What is the value of (-10 - -135) + (-14 - (-6 - 10))?
127
What is (-1 - -71) + (-1160 - -1132)?
42
Evaluate -42 + -45 + 132 - 96.
-51
1 + 54 - (112 - 127 - (-40 + 7))
37
Evaluate 63 - (-1 - 2 - (301 + -323)).
44
Evaluate 5 - (7 - (44 + -46 - (-9 + 0))) - -63.
68
What is the value of -1 + 10 + 8 + -2 + (-4 - (-5 - 48))?
64
Calculate (6 + 4 - -24) + (10 - 10 - -1).
35
What is the value of -47 + (-16 - ((-22 - (-10 + (-9 - -8))) + -2))?
-50
Calculate -101 - (-84 + 142 - 194).
35
Calculate -39 - (-7 + (-7 - (-6 + 7))).
-24
What is (38 + -43 - (3 + -14) - 1) + (-1 - 1)?
3
What is the value of (113 - 95) + (18 - 49)?
-13
What is (-7 - 28) + 14 + (-1 - -11)?
-11
What is 13 - -2 - (1387 + -1411)?
39
Calculate -10 - 0 - (31 + -19 + -91 + 27).
42
Calculate 109 + (-5 - 2 - 2 - (-66 - -81 - 23)).
108
Calculate 816 + -799 + 1 + (-21 - 0).
-3
196 + (-10 - (-13 + (-42 - -90)))
151
What is the value of (-28 + 38 + 7 + 3 - 4) + -52 + 32?
-4
Calculate -7 - -55 - 33 - (-89 - -17).
87
Calculate 28 - (32 + -22 + 56).
-38
What is (-83 - -51) + (-7 - (1 + (10 - 6))) + -11?
-55
Evaluate (-51 - -84) + 52 - 47.
38
Calculate 42 + -4 - (298 + -286).
26
-1 + 2 + 1 + 255 + -252 - (-1 + 10)
-4
-16 + (-9 + 9 + -9 - 3)
-28
Calculate 26 + 9 + 18 + (-2 - ((-14 - -7) + 11)).
47
(-56 - -249) + -189 + (-33 + 2 - 0)
-27
What is the value of -3 + -7 + 30 - (7 + -1 + (-80 - -83))?
11
Evaluate -63 + 13 + (-8 - (4 + 12 + -34)).
-40
Calculate (23 + 2 - 108) + 25 - -4.
-54
Calculate 48 - (-34 + 4 + 45).
33
Calculate 109 - (-1 - (13 + -43 + 1)).
81
What is the value of (-732 - -739) + (5 - (3 + 110 + 5))?
-106
-58 + 41 - (-3 + -13) - (-4 - -30)
-27
-203 + 267 + (-6 - 22)
36
Calculate 6 + (-2 - ((18 - (10 + 2)) + -63)).
61
What is the value of 36 + -53 - (-1 + (7 - (-7 + 11)))?
-19
Calculate 6 + -8 - 15 - (-8 + 24 - -7).
-40
-6 + -39 + 28 + 3
-14
What is the value of -68 + (97 - (4 - -43)) - -114?
96
Evaluate -43 + 56 - (12 + (13 - 6)).
-6
Evaluate -64 + 24 + -17 + (-17 - -88).
14
What is -22 + (-68 - -120) + -26?
4
(-13 - 2) + 77 + -37 + -10 + 7
22
Evaluate -8 + (27 - (-116 + 105)).
30
Evaluate (619 - 528) + (-33 - -10).
68
Evaluate (23 - -1) + (-509 - -475).
-10
Calculate -38 - -47 - ((1 - 89) + (-28 - -12 - -9)).
104
Evaluate -32 + -3 + -3 - (1100 + -1106).
-32
Calculate -22 - (-43 + -40 + 13 + 21).
27
What is the value of 82 - (55 - (-24 - 44))?
-41
Calculate 11 - 23 - (18 + (-4 - 3) + 0).
-23
What is the value of 5 + -81 + -13 + 132?
43
What is the value of -38 - (38 + 41 - 220)?
103
Evaluate (0 - 3) + -15 - (20 + -15) - 24.
-47
What is the value of 1 - -55 - (2793 + -2789)?
52
What is 0 + -1 + 61 + 39 + -52 + -20?
27
What is the value of 12 - (-14 + (14 - -34 - 12))?
-10
Evaluate -14 - (-29 - (-10 - -4 - (-18 + 22))).
5
What is the value of 89 + -123 + 7 + 46?
19
Calculate (-30 - (21 - 82)) + 6 + 9.
46
Evaluate 3 + -18 + -104 + 77 + -5.
-47
9 + -12 + 14 - (-20 + 0)
31
What is the value of 15 - -10 - (-317 + 332)?
10
Calculate (-164 - -218) + (0 - 10 - (3 - (6 - -2))).
49
What is (-1 + -64 - (-22 + 18)) + 72 + -61?
-50
What is (-103 - 1) + 127 + -215 + 84?
-108
-78 - (-54 - (61 + -136))
-99
Calculate (-3 - -6) + 32 + -3 - (323 - 313).
22
What is 14 + (-9 + 15 + 6 - 25)?
1
12 + (-6 + -3 - -8) + (63 - -14 - -15)
103
What is -15 + 8 - 5 - (31 + -31) - -9 - 96?
-99
What is the value of -2 + (-9 - (11 + 8 + 63))?
-93
Calculate (2 - 29) + -9 + -2 + (7 - -10).
-21
What is the value of -38 - (-16 + -10 + 29 + (1 + 10 - 5))?
-47
What is (46 - 3) + (-132 - -139) + 1 + -21?
30
39 + (-20 - 36) + 18 - 17
-16
What is -43 + -21 + 50 - -48?
34
What is (11 - 27) + 69 - (10 + -27)?
70
4 - -25 - (17 - (0 + 26) - -16)
22
What is (11 - 1) + (4 - 1 - (36 - 67))?
44
Calculate (-87 + 154 - -1) + (-3 - -28).
93
-41 + 41 + (3 + -8 - -3 - -1)
-1
-3 + (-2 - (5 - 8)) - -14 - (-72 - 8)
92
-1231 + 1260 + (1 - 5)
25
What is the value of (13 - -111) + -112 + -89?
-77
Calculate -3 - -1 - -49 - (108 + -103 - (0 + -1)).
41
Calculate -25 + (-24 - (73 - 52)).
-70
23 + (-32 - -12) + 14 - -59
76
437 + -436 - (-12 + 5 + -2)
10
What is 14 + 19 + 33 + (5 - 3) - 16?
52
66 + -96 + 64 + 30
64
Calculate -99 + -3 + 72 - -64.
34
What is the value of (42 - 65 - -24) + 3?
4
Calculate -3 - (-71 - (9 + -3 + -12) - -5).
57
What is (2 + -1 + -2 - 6) + (2939 - 2943) + -17?
-28
What is 1 - -78 - (940 - 940 - (-1 + 25))?
103
What is the value of 0 + -101 - (-19 - (-725 - -698 - (1 + -5)))?
-105
Calculate -19 - 41 - -27 - (-21 + 49).
-61
What is the value of -2 + (3 - (16 + (34 - 15)))?
-34
What is the value of (-35 - (-10 - (9 - -1 - (-62 + 74)))) + -10?
-37
What is the value of 106 + -118 + (8 - 0) + (3 - (-40 + 1))?
38
Evaluate 23 - (-2 + 6 + (-7 - (7 + -19))).
14
Calculate -3 + 7 + 16 + -9 - 45.
-34
Evaluate (18 - (9 + 28 + -22 + -11)) + 13.
27
What is 5 + -3 - (-36 - -42) - (1 + 0 - 3)?
-2
Evaluate 5449 - 5401 - (-1 - -110).
-61
What is the value of 139 + (-124 - (54 + -98))?
59
What is the value of -23 - -44 - ((-6 - (-10 - -15 - 18)) + 0)?
14
What is the value of (27 - 27) + (0 - 2 - -1) + 36 + -102?
-67
Evaluate (2 - 168) + 23 + 21.
-122
What is the value of (17 - 142) + (10 - 7 - -1 - (24 - 19))?
-126
Evaluate -43 + 20 + (4 - (6 + -21)) - -52.
48
What is the value of 15 + 31 + 31 + -25?
52
28513 + -28506 - (24 - (1 - 0)) - (58 - 1)
-73
Calculate (3 - (0 + 8)) + 3 + 4 + 16 + -14.
4
-859 + 931 + -82 + 2
-8
(58 - 72) + 26 + (-19 + 2 - 2)
-7
What is 2 + 9 - (-2 + 5 - -86 - (6 + -6))?
-78
What is (1 - -44) + (-29 - 24)?
-8
Calculate 107 - (251 + -212 + -69 + 4).
133
What is 5 + (7 + (10 - 7 - 24) - -25)?
16
Evaluate -6 + -15 + (213 - 207).
-15
What is the value of 30 + (-1 - 17) + (55 - 0) - (-12 - -4)?
75
-6 + -112 - (-1868 + 1744)
6
What is the value of 10 + 8 + 18 + -23?
13
What is the value of -21 - (-12 + (-42 - (40 + -67)))?
6
What is 0 + (3 + 1 - -26) + 12?
42
Evaluate 9 - (-81 + 82 - (-4 - (2 - 3) - -29)).
34
Calculate 55 - (-48 + 72) - 81.
-50
What is (-2 + -3 - 0) + (22 - 35 - 1)?
-19
(-71 - 4 - -61) + 17
3
What is the value of 8 - -22 - (-25 + -14 + -3)?
72
What is 52 - 126 - -96 - (-3 + -13 - -6)?
32
What is 8 - (9 - (-93 + 57))?
-37
610 - 588 - (-10 + (3 - 1))
30
What is 17 - (23 + -4 + -2) - (31 - (0 - 2))?
-33
Calculate -3 + -10 + 5 + 16 + (-11 - -1) + 9.
7
Evaluate -490 + 372 - (20 - 194).
56
0 + (-7 - 2) + -85 + 84 + -9 + -55
-74
What is the value of 86 + (-38 + 24 - 32) + -10?
30
What is (44 - -3) + (-71 - -55) + (-2 - 9)?
20
0 - -61 - ((0 - 0) + (4 - (3 + -1)))
59
Evaluate -58 - -49 - -17 - -37.
45
What is the value of 23 - -25 - (-8 + (9 - (-2 - -9)) + 13)?
41
What is the value of (2 - 4) + -936 + 919 - 80?
-99
Calculate (5 - 6 - 2) + -70 + (1 - (12 - 20)).
-64
What is the value of 92 + -135 + 39 - (-18 + -1 - (-3 + 1))?
13
Evaluate (0 + 2 - (1 + 2)) + (-17 + 49 - -2).
33
(-76 - -170 - (26 - -6)) + 8
70
What is the value of -76 - -35 - (21 - 69)?
7
Calculate -1 + 49 - (21 + -1 - (-39 - (-44 - 9))).
42
4 + (17 - (-4 + (-9 - -16)))
18
Calculate (-7 + (-66 - -117) - 65) + 0 + 112.
91